he greatest common factor of o and 33?
3
Let w be ((-16)/3)/2*-21. Calculate the highest common factor of w and 8.
8
Let b(y) = -y**2 + 7*y. Let p be b(6). Let o = 13 - 6. Suppose -51 = 3*i - 6*i + 3*x, x = -i + o. What is the greatest common factor of p and i?
6
Let p(f) = 2*f + 1. Let k = -3 - -4. Suppose -k - 4 = -t. Let v be p(t). Calculate the highest common divisor of v and 88.
11
Let t(p) = 4*p - 24. Let x be t(11). What is the highest common factor of 4 and x?
4
Suppose 0 = -4*m + 2*j + 10, 5*j = -0*m + 3*m - 11. Suppose 34 = m*z - 0*z. Calculate the highest common factor of 17 and z.
17
Let n(s) = 3*s**2 + 2*s - 1. Let h be n(1). Let q(b) = -b**3 + 4*b**2 + 2*b - 4. Let w be q(4). Calculate the greatest common factor of w and h.
4
Let i be ((-18)/(-8))/((-5)/(-20)). Suppose 5*x = -3*a - i + 43, -3*a = 3*x - 24. Calculate the greatest common factor of 21 and a.
3
Let t = -2 + 10. Suppose 3*m - 10 = -2*m + 3*r, 3*m = 3*r + 12. Let w = m + t. Calculate the greatest common factor of 14 and w.
7
Let w(c) = -3*c + 35. Let r be w(8). Calculate the greatest common divisor of r and 33.
11
Suppose -m - 3*i + 12 + 30 = 0, 0 = 3*m + 4*i - 111. Calculate the greatest common factor of m and 363.
33
Let a(t) = 25*t**2 + 3*t + 2. Let o = 0 - 2. Let c be a(o). Suppose -34 - 14 = -4*s. Calculate the greatest common divisor of c and s.
12
Let q(z) = -z**2 + 22*z - 13. Let o be q(14). Calculate the greatest common factor of 9 and o.
9
Suppose -6*x = x - 1638. What is the greatest common factor of x and 26?
26
Suppose 4*w - 3*n - 84 = 115, -2*w - 3*n = -113. What is the greatest common divisor of w and 13?
13
Let x(a) = -a**3 - 5*a**2 + 6*a + 8. Let c be x(-6). Let y = 9 - 5. What is the greatest common divisor of y and c?
4
Let q = 39 - -12. Let t = -26 + q. What is the highest common factor of t and 10?
5
Let o(u) = 4*u + 10. Let h be o(8). Let b be h/(-4)*(-44)/33. What is the greatest common factor of 154 and b?
14
Let b be 10/(-4)*(-12)/6. What is the highest common divisor of 25 and b?
5
Suppose 6*o - 7 = 23. Suppose 7*n - 3*n - 8 = 0. Calculate the highest common factor of o and n.
1
Let u be (-92 - 1)/((-6)/(-3) + -3). What is the highest common divisor of 62 and u?
31
Let b be (-2)/(-4) + (-58)/(-4). Let k = b + -11. Let h be 1443/12 - 1/k. What is the highest common divisor of 15 and h?
15
Let v(x) = -x + 10. Let w be v(0). Calculate the highest common factor of 4 and w.
2
Suppose -2*z + 68 + 72 = 0. Calculate the highest common factor of z and 28.
14
Suppose 0 = 5*c + 5*t - 0*t - 30, 10 = 4*c - 3*t. Let r(d) = -d**3 - d + 1. Let o be r(0). Let v = c - o. Calculate the greatest common factor of v and 21.
3
Suppose 10*x = x + 432. Calculate the highest common factor of x and 16.
16
Let p = -11 + 14. Calculate the greatest common factor of p and 3.
3
Let t be (-8)/16 + (-18)/(-4). Let o = -4 - -14. Calculate the highest common divisor of t and o.
2
Suppose 0 = -g - g + 80. Let u(b) = -b**3 + 8*b**2 - 7*b + 10. Let p be u(7). Let j be (-2 - 0)*1 + p. Calculate the highest common factor of j and g.
8
Let l be (4 + (-35)/10)*10. Calculate the highest common divisor of 40 and l.
5
Suppose -4*z + 18 = -z. Suppose 0 = -z*i + 3*i - 2*n + 111, 0 = -3*i - 4*n + 105. What is the highest common divisor of 26 and i?
13
Let l = 13 + -4. Let s(w) = w**2 - 9*w + 5. Let j be s(l). Calculate the greatest common divisor of 15 and j.
5
Suppose 3*g - 1 = 11. Suppose -4*i + 20 = p, 2*i = -0*i + p + g. Suppose 3*r + 20 = 5*m - 37, -52 = -i*m + 4*r. What is the greatest common factor of 45 and m?
9
Let h(u) = 79*u + 2. Let t(l) = -21252*l - 539. Let j(d) = 539*h(d) + 2*t(d). Let g be j(1). What is the greatest common factor of 11 and g?
11
Let a be (-34)/(1*(-6)/3). Let o(y) = 8*y + 1. Let m be o(-1). Let b = a + m. What is the highest common divisor of b and 5?
5
Let d(i) = 2*i + 16. Let b be d(-6). Suppose b*s = 5 + 11. What is the greatest common divisor of 20 and s?
4
Let v(t) = 3*t**2 - 12. Let i be v(-6). Suppose -2*o - u + 44 = 0, -5*o - u + 6*u + 140 = 0. Suppose p - o = -p. Calculate the highest common factor of i and p.
12
Let s = 7 + 10. Suppose 2*r - 47 + s = 0. Suppose 7*b + 90 = 8*b. What is the highest common divisor of r and b?
15
Suppose 2*w + 3*w - 175 = 0. Let o = -33 + 20. Let g = o + 20. Calculate the highest common factor of g and w.
7
Let i(v) = -v - 17. Let f(h) = -5*h - 86. Let m(y) = 4*f(y) - 22*i(y). Let w be m(0). Calculate the greatest common factor of w and 20.
10
Suppose 5*o - 2*u = -5*u + 36, 2*o - 4*u - 4 = 0. Calculate the highest common factor of o and 42.
6
Let d = -66 - -84. Calculate the highest common factor of 9 and d.
9
Let y be (-56)/(-6) - (-4)/6. Let g = -39 - -59. What is the greatest common divisor of g and y?
10
Let t(i) = -i**2 - 4*i - 2. Let n be t(-2). Suppose 0 = -b + 1 - n. Let a be (-3 - 8)/(b/12). Calculate the highest common divisor of 12 and a.
12
Let b(i) = i**3 + 11*i**2 + 6*i - 8. Let v be b(-9). What is the highest common divisor of v and 40?
20
Let m(v) = -3*v - 5. Let n be m(6). Suppose 4*k + 67 = 11. Let x = k - n. Calculate the highest common divisor of x and 9.
9
Let p = 167 + -157. Calculate the greatest common factor of 30 and p.
10
Suppose -5*g + 28 + 162 = 5*b, -50 = -g - 4*b. Let m = g + -23. Calculate the highest common factor of m and 121.
11
Let x = -7 - -2. Let q(n) = -n + 2. Let v be q(x). Let d = v + -4. What is the highest common factor of d and 1?
1
Let w = -2 + 17. Let p be (5 + -11)*55/2*-1. What is the highest common factor of w and p?
15
Suppose -4*a + 17 = 1. Suppose 8 = 3*m - a. What is the highest common divisor of 36 and m?
4
Let d be ((-4)/(-6))/((-2)/(-3)). Suppose -3*s = -20 + 5. Suppose -9 = -3*x, -4*x + 13 = s*g - 4. What is the highest common factor of d and g?
1
Let l be 42/9*9/6. What is the highest common factor of l and 56?
7
Let f(q) = 3*q + 3. Let o be f(1). Calculate the highest common factor of 12 and o.
6
Suppose -3*d + 52 = n, 2*d + 72 = 3*n - n. What is the greatest common factor of 16 and n?
8
Suppose -5*s = -2*s - 60. Suppose 3*w - 16 = -w. What is the highest common factor of w and s?
4
Let t(j) = -j**3 - 3*j**2 + 3*j - 3. Suppose -2*l - 20 = 3*l. Let s be t(l). Suppose 2*u - 7 = -s. Calculate the highest common factor of 3 and u.
3
Let r(d) = -d - 1. Let v be r(5). Let z(n) = -2*n**3 - 10*n**2 - 6*n + 7. Let o be z(v). Calculate the greatest common factor of o and 46.
23
Let h = -10 + 6. Let c be h/(4*2/(-60)). Calculate the greatest common divisor of 6 and c.
6
Let d be ((-12)/10)/((-3)/40). Let p = -10 + d. What is the greatest common divisor of 66 and p?
6
Let z(h) = -17*h - 2 - 1 + 5. Let j be z(-2). Suppose 9 = 2*y + 1. What is the highest common factor of y and j?
4
Suppose -6 = 3*x - 18. Calculate the greatest common factor of x and 4.
4
Let o(x) = x - 1. Let f be o(5). Let g(v) = 2*v**2 + v. Let u be g(f). Calculate the highest common factor of 4 and u.
4
Let u(f) = -2*f + 11. Let m be u(-8). What is the greatest common factor of 9 and m?
9
Let y be (-572)/(-91) - (-2)/14*-2. Calculate the highest common divisor of y and 12.
6
Suppose 0 = -r + t + 18, 2*t - 66 = -5*r + t. Suppose 0 = 3*y - y - 3*a - 205, 401 = 4*y - 3*a. Calculate the greatest common divisor of r and y.
14
Let a = -18 + 33. Suppose 0 = 3*k - 29 + 5. Let u = a - k. Calculate the highest common divisor of 35 and u.
7
Let a = -76 + 161. Let c be 0/(-2 + 1 - 0). Suppose -2*d = -c*d - 34. Calculate the highest common factor of a and d.
17
Let i(o) = 8*o**3 - 2*o**2 + o. Let v be i(1). Suppose 5*w - 4*w = 7. What is the greatest common divisor of w and v?
7
Suppose 7*x = 3*x + 20. Let h be 294/(-35)*x/(-2). Calculate the greatest common factor of h and 168.
21
Let b be 276/9 - 4/6. Calculate the highest common factor of 15 and b.
15
Let c be 8/5 + 4/10. Suppose 4*v = -r + 20, -v - 4 = -c*r - 0*v. Let b = r - 1. What is the highest common factor of 6 and b?
3
Suppose 7*s = -0*s + 490. Calculate the highest common factor of 42 and s.
14
Let x(y) = -y. Let i(o) = 3*o. Let v be i(-1). Let l be x(v). What is the highest common divisor of l and 2?
1
Suppose -26*d + 23*d = -15. Suppose j + 2 + 1 = 0. Let c = j + 5. Calculate the highest common factor of d and c.
1
Let d be (0 + 9)/(1/9). Let b = d 